ppose -248 = -b*i + 5*i. List the prime factors of i.
2, 31
Suppose 0 = -4*t - 61*y + 58*y + 3876, 0 = 3*t + 2*y - 2908. What are the prime factors of t?
2, 3
Suppose -k = 5*d - 12, -4*k = 4*d + d - 18. Suppose u + r - 32 = -3*r, -k*u + 28 = -4*r. What are the prime factors of u?
2, 5
List the prime factors of ((-1388)/(-8))/((-4)/(-24)).
3, 347
Let a(h) = 6*h**2 + 3*h + 58. List the prime factors of a(9).
571
Let f(u) = -6*u - 21. Let q be f(-4). Suppose q*c = -6*c + 378. List the prime factors of c.
2, 3, 7
Let q be 6/45 - (-298)/15. Let s = 37 - q. What are the prime factors of -1 + 58 + (s - 15)?
59
Let j(r) = -r**3 + 25*r**2 - 48*r - 9. What are the prime factors of j(21)?
3, 83
Let l be (-186)/(-45) - 12/90. Suppose -l*b - 64 = x - 641, b - 3*x - 141 = 0. Suppose -a - 2*a + b = 0. List the prime factors of a.
2, 3
Let i = 441 - -1482. List the prime factors of i.
3, 641
Let n(p) = -p**3 - 9*p**2 - 5*p + 19. Suppose -6*m - 40 = -m. Let h be n(m). What are the prime factors of 1071/15 - (-2)/h?
71
Suppose -3*b - 2992 = -11*b. Suppose 0 = -3*s + 5*s - b. List the prime factors of s.
11, 17
Suppose f = i - 2*f - 5, 15 = -3*f. Let b be (1 - 3)/(i/165). Let u = -1 + b. List the prime factors of u.
2
Let c(p) = -22*p + 417. What are the prime factors of c(-7)?
571
Suppose 3*n - 301 = -5*x, n + 5*x = 84 + 3. Suppose 4*s - 61 - n = 0. List the prime factors of s.
2, 3, 7
Let a be (-8)/(-12)*(7 + -1). Suppose 0 = a*s + 100 - 388. What are the prime factors of s?
2, 3
Suppose -5*p = -0*p - 25. Let v = 7 - p. Suppose 0 = 3*h + u - 11, v*h + 4*u = -0*h + 4. What are the prime factors of h?
2
Let m(l) = -3*l - 6. Let w be m(9). List the prime factors of 3/((-9)/w)*5.
5, 11
Let b = -27 - -30. Suppose p + 3*p + 5*g - 177 = 0, -b*p - 2*g + 131 = 0. List the prime factors of p.
43
Let y = -455 + 592. What are the prime factors of y?
137
Suppose 2*z - 1362 = -4*i, -1700 = -8*i + 3*i - 3*z. List the prime factors of i.
7
Suppose -287696 = -75*j + 42529. List the prime factors of j.
7, 17, 37
Let y = -1 - -2. Let p be (y/(-2))/(1/(-4)). Let m = p - -8. What are the prime factors of m?
2, 5
Let k(g) = -17*g + 3. Let z be k(-4). Let s = -17 + z. Let h = s + -4. What are the prime factors of h?
2, 5
Let q(i) = 2*i**2 - 7*i - 14. Let g be q(5). Suppose -685 = -5*a + 4*b, 0 = -a + 3*b + g + 147. What are the prime factors of a?
7, 19
Suppose -33*t - 1602 = -43182. List the prime factors of t.
2, 3, 5, 7
Suppose 276 = -16*s + 19*s. Suppose 0 = 4*b - m - 815, -2*m - 513 = -3*b + s. What are the prime factors of b?
5, 41
Suppose 5*l = 9318 + 2802. List the prime factors of l.
2, 3, 101
Let k(z) = 3*z - 9. Let b be 0 + (-5)/(20/(-16)). Let n be k(b). Suppose -3*t - n*t + 192 = 0. What are the prime factors of t?
2
Let n(q) = -q**2 + 9*q + 19. Let y be n(9). Let z = y - -92. What are the prime factors of z?
3, 37
Let d(j) = -j**2 + 35. Suppose 0 = -5*z + 2*f, 2*z + 8*f = 3*f. Let n be d(z). Let q = n - 28. List the prime factors of q.
7
What are the prime factors of 21/(-30)*-672 + 24/40?
3, 157
Let g(m) be the third derivative of -m**6/720 + m**5/12 - m**4/8 - m**2. Let b(v) be the second derivative of g(v). List the prime factors of b(6).
2
Let x be -2 - (2 - -2 - 4). Let v be (5 + x)*(0 - 4). What are the prime factors of v/(-18)*(2 - -16)?
2, 3
List the prime factors of 4278 + -1 + 1 + (-6 - -14).
2, 2143
Let m = 30 + -30. Suppose 3*f - 6*f + 72 = m. What are the prime factors of f?
2, 3
Let t(b) = 106*b. Suppose -q + 0*q + 3 = 0, -4*q = -p - 11. What are the prime factors of t(p)?
2, 53
Let l = -1 - -1. Let o(g) = -g + 8. Let r be o(5). Suppose z = -3*t + 75, 4*t - r*z = -l*t + 113. List the prime factors of t.
2, 13
List the prime factors of (-1323)/(-98)*(-1648)/(-6) - -2.
2, 5, 7, 53
Let y be 0/(-2*(-1)/(-2)). Suppose -10*m = -76 - 44. Suppose y - m = -o. List the prime factors of o.
2, 3
Let h(v) be the second derivative of 13*v**4/12 + v**3/3 - 4*v**2 - 4*v. What are the prime factors of h(3)?
5, 23
Suppose 2*l - 360 = -162. What are the prime factors of l?
3, 11
Let v(y) = y**3 - 11*y**2 + y - 15. Let g be v(11). Let a = 9 + g. Suppose -d + 27 = 5*h, -3*d = -a*h + 6*h - 11. List the prime factors of d.
2
Suppose -33 = 5*l + 7. Let g(m) = m**2. Let r(z) = z**2 - z - 1. Let h(s) = 7*g(s) - 6*r(s). What are the prime factors of h(l)?
2, 11
Let s(y) = y. Let o be s(2). Suppose o*j + 2 = f, 0 = -f - 4*j - j - 12. List the prime factors of 1/(1/(-4)*f).
2
Suppose 2156 = t - 3*j, 0 = -0*t + t - 4*j - 2156. List the prime factors of t.
2, 7, 11
Let r = -25 + 27. Suppose -2*a - 408 = -5*l + a, -5*l + 403 = r*a. What are the prime factors of l?
3
Let y(x) = -4 - x + 1 + 2. Suppose 2*a + 11*j + 25 = 6*j, -4*j + 13 = -5*a. List the prime factors of y(a).
2
What are the prime factors of 2*-12*133/(-14)?
2, 3, 19
Let o = -21 - -71. Let z = o - -31. List the prime factors of z.
3
Suppose 4*i + 5*i = 2988. List the prime factors of i.
2, 83
Let z be -4 - (-14)/(-1)*-1. Let r = z - -6. What are the prime factors of 8/r*(104 + 0)?
2, 13
Suppose 63 = 7*m + 861. Let q = m - -285. What are the prime factors of q?
3, 19
Suppose 4*h = -5*f - 13, -6 = 4*f - h + 2*h. Let j be f*2*3/(-2). What are the prime factors of 4*3 - (j + -2)?
11
What are the prime factors of ((-25530)/20)/(4/(-8))?
3, 23, 37
Suppose 0*m = 3*m - 48. Suppose -15*g + 14 = -m*g. List the prime factors of (-8)/(-6)*(-189)/g.
2, 3
Suppose 15*n - 288 - 30672 = 0. List the prime factors of n.
2, 3, 43
Suppose 3*r + 15 = 0, -3*r + 4 - 3 = 4*k. Suppose -7 = -k*y + 9. Suppose q + y = -c - 4*c, 0 = -5*q + c + 110. List the prime factors of q.
3, 7
Let z = -122 - -122. Let y(w) = -w + 12. Let i be y(6). Suppose z = -i*p + 17 + 295. What are the prime factors of p?
2, 13
Let l(m) = -m**3 - 8*m**2 - 11*m + 11. Let g be l(-6). Suppose -g*r + 1235 - 125 = 0. What are the prime factors of r?
2, 3, 37
What are the prime factors of (-1)/(7/(-20006)*(3 - 1))?
1429
Let o = 4 - 1. Suppose o*l = 2*v, -3*l + l = -5*v + 11. Suppose -2 = v*f - 4*f. List the prime factors of f.
2
Suppose b + 115 = -2*w, -3*w - 171 = 3*b - 0*b. List the prime factors of (-65)/30*w - (-1)/3.
2, 3, 7
Suppose 2*y - 2 = 2. Suppose -4*c = -4, -7*b + 2*c = -y*b - 8. Suppose -b*a + 26 = -40. What are the prime factors of a?
3, 11
Let q(y) = y**2 - 16*y + 20. Let f be q(16). Let a be (24/f)/((-1)/(-5)). Let j = a - -4. What are the prime factors of j?
2, 5
Let t(a) = a**2 + 11*a - 8. Let r be t(-13). Suppose -r = -z + 7*z. List the prime factors of 3/z*(-50)/1.
2, 5
Suppose 3*k - 874 = 755. What are the prime factors of k?
3, 181
Suppose -5*d + 35*c - 10 = 31*c, -15 = -3*c. What are the prime factors of d?
2
Let k(i) = -9*i**3 - i**2 - i - 1. Let f be ((-3)/6)/(3/(-12)). Let a = f - 3. List the prime factors of k(a).
2
List the prime factors of (8/(-34))/(-2) + 33069/2567.
13
Suppose -5*i - 3*l = 138, -2*i - 64 = 2*l - 3*l. Let o = i - -79. What are the prime factors of o?
7
Let r be (6/12)/((-1)/(-2)). Let f = -20 + -6. List the prime factors of -1 - f/1 - r.
2, 3
Let u(h) be the first derivative of h**4/4 - 17*h**3/3 - 7*h**2 + 5*h - 9. What are the prime factors of u(18)?
7, 11
Suppose 0 = -2*f + 5*f - 15. Suppose -6*b + 10*b = f*a - 684, 3*a = 2*b + 412. What are the prime factors of a?
2, 5, 7
Let u(i) be the third derivative of 5*i**4/8 + 5*i**3/6 + 22*i**2. List the prime factors of u(5).
2, 5
Let v(s) = s**2 + 10*s - 12. Let n be v(-9). Let g = n + 23. Suppose f - g*t = 48, -5*f + 2*t = 3*t - 218. List the prime factors of f.
2, 11
Let p(l) = -l**3 + 10*l**2 + 13*l + 16. Let x(t) = 8*t - 5. Suppose 6 = -h + 8. Let r be x(h). List the prime factors of p(r).
2, 19
Let v(q) = -q + 699. What are the prime factors of v(-41)?
2, 5, 37
Let u(w) = -32*w - 5. Let a be 180/(-81) + 2/9. What are the prime factors of u(a)?
59
Let k be (-12)/(-18)*(-3)/(-2). Let i(q) = 5*q**2 - 10*q + 2. Let s(v) = -v**2. Let y(p) = k*i(p) + 2*s(p). List the prime factors of y(5).
3
Let t(c) = 3*c**2 + 16*c - 1. Suppose -31 + 76 = -5*j. What are the prime factors of t(j)?
2, 7
Let i(l) = l**2 - 2*l + 3. Let q be i(2). Suppose -q*n = -2*n - 3. What are the prime factors of ((-51)/1)/(n/(-2))?
2, 17
Let b be (-12)/108*-3 + 8/3. Let x = 28 - -4. Suppose b*q + x = 7*q. What are the